he greatest common divisor of 22 and 77?
11
What is the greatest common factor of 12656 and 224?
112
Calculate the highest common divisor of 990 and 60.
30
Calculate the greatest common divisor of 124 and 15004.
124
What is the highest common factor of 228 and 24?
12
What is the highest common divisor of 6915 and 135?
15
What is the highest common divisor of 242 and 264?
22
Calculate the highest common factor of 72 and 8.
8
Calculate the greatest common divisor of 26 and 65.
13
What is the highest common divisor of 63 and 6?
3
What is the highest common divisor of 153 and 663?
51
Calculate the highest common factor of 354 and 24.
6
Calculate the highest common divisor of 119 and 85.
17
Calculate the greatest common divisor of 635 and 1397.
127
What is the highest common divisor of 15748 and 372?
124
Calculate the greatest common divisor of 680 and 1280.
40
What is the greatest common factor of 493 and 17?
17
Calculate the greatest common factor of 156 and 35412.
156
Calculate the greatest common factor of 115 and 5635.
115
Calculate the highest common divisor of 72 and 9616.
8
What is the highest common factor of 3 and 1194?
3
Calculate the greatest common divisor of 18 and 558.
18
What is the greatest common divisor of 21 and 119?
7
What is the greatest common divisor of 39 and 192?
3
What is the greatest common divisor of 406 and 175?
7
Calculate the highest common factor of 34796 and 4.
4
What is the highest common factor of 3 and 228?
3
Calculate the highest common factor of 121 and 143.
11
Calculate the greatest common factor of 533 and 169.
13
What is the highest common divisor of 9647 and 88?
11
Calculate the highest common factor of 8 and 128.
8
What is the highest common divisor of 2656 and 166?
166
What is the highest common factor of 17 and 1853?
17
Calculate the highest common factor of 1 and 947.
1
Calculate the greatest common factor of 924 and 836.
44
Calculate the highest common factor of 6420 and 60.
60
What is the greatest common factor of 60 and 132?
12
Calculate the greatest common divisor of 72 and 2196.
36
What is the highest common divisor of 78 and 1066?
26
Calculate the greatest common factor of 102 and 68.
34
Calculate the greatest common factor of 16606 and 46.
46
What is the greatest common divisor of 91169 and 13?
13
What is the highest common divisor of 262 and 8777?
131
What is the highest common factor of 30 and 240?
30
Calculate the greatest common factor of 207 and 45.
9
What is the highest common divisor of 84 and 189?
21
Calculate the greatest common divisor of 8 and 13096.
8
What is the greatest common factor of 174 and 12?
6
Calculate the highest common divisor of 944 and 32.
16
What is the highest common factor of 158 and 7426?
158
What is the highest common factor of 4011 and 84?
21
Calculate the highest common divisor of 12 and 60.
12
Calculate the greatest common factor of 486 and 12.
6
What is the highest common factor of 44 and 66?
22
Calculate the greatest common divisor of 1175 and 1363.
47
What is the greatest common divisor of 714 and 294?
42
Calculate the highest common divisor of 6630 and 26.
26
Calculate the highest common divisor of 1680 and 70.
70
What is the greatest common factor of 351 and 39?
39
What is the highest common factor of 24 and 18?
6
What is the greatest common factor of 6 and 1497?
3
What is the greatest common factor of 85 and 51?
17
Calculate the highest common divisor of 17 and 4.
1
Calculate the greatest common divisor of 22 and 6226.
22
What is the greatest common factor of 774 and 32250?
258
Calculate the highest common factor of 1732 and 4.
4
What is the highest common divisor of 5304 and 416?
104
Calculate the greatest common divisor of 20097 and 66.
33
Calculate the greatest common divisor of 2368 and 32.
32
Calculate the highest common factor of 1343 and 221.
17
What is the highest common factor of 213 and 5893?
71
What is the greatest common divisor of 49152 and 192?
192
Calculate the highest common factor of 970 and 10.
10
Calculate the greatest common divisor of 416 and 928.
32
Calculate the highest common factor of 126 and 12159.
63
What is the greatest common divisor of 2783 and 23?
23
Calculate the highest common divisor of 20 and 5020.
20
What is the highest common factor of 28 and 21?
7
Calculate the highest common factor of 42 and 84.
42
What is the greatest common factor of 286 and 26?
26
What is the highest common factor of 1200 and 264?
24
What is the highest common factor of 885 and 59?
59
What is the greatest common factor of 1634 and 38?
38
Calculate the highest common factor of 930 and 62.
62
What is the highest common factor of 233 and 34717?
233
What is the greatest common divisor of 21 and 112?
7
Calculate the greatest common factor of 793 and 244.
61
Calculate the greatest common factor of 11130 and 30.
30
Calculate the greatest common divisor of 96 and 43680.
96
Calculate the greatest common factor of 16 and 1376.
16
What is the greatest common divisor of 28 and 35?
7
Calculate the highest common factor of 42 and 798.
42
Calculate the greatest common divisor of 80 and 3015.
5
Calculate the greatest common factor of 12 and 1884.
12
Calculate the greatest common factor of 198 and 7.
1
What is the greatest common divisor of 16 and 184?
8
Calculate the highest common factor of 352 and 110.
22
What is the greatest common factor of 29 and 696?
29
Calculate the greatest common factor of 240 and 18480.
240
Calculate the highest common divisor of 15 and 2535.
15
Calculate the greatest common factor of 123 and 328.
41
What is the highest common factor of 80 and 375?
5
What is the greatest common factor of 2532 and 108?
12
Calculate the highest common factor of 1740 and 10.
10
Calculate the highest common factor of 175 and 980.
35
What is the highest common divisor of 14 and 6?
2
What is the highest common factor of 2279 and 43?
43
Calculate the greatest common divisor of 8 and 568.
8
Calculate the highest common divisor of 156 and 26.
26
What is the highest common divisor of 125 and 375?
125
Calculate the greatest common factor of 81 and 432.
27
What is the greatest common factor of 21534 and 111?
111
What is the greatest common factor of 36 and 81?
9
Calculate the highest common divisor of 3 and 411.
3
What is the highest common factor of 185 and 19573?
37
Calculate the highest common factor of 180 and 3140.
20
What is the greatest common factor of 350 and 140?
70
What is the highest common divisor of 250 and 325?
25
What is the greatest common factor of 1189 and 123?
41
Calculate the highest common factor of 290 and 812.
58
What is the greatest common divisor of 11392 and 89?
89
What is the greatest common divisor of 96 and 1248?
96
What is the greatest common factor of 120 and 6000?
120
Calculate the greatest common divisor of 288 and 54.
18
What is the greatest common factor of 136 and 968?
8
What is the highest common divisor of 979 and 11?
11
Calculate the highest common divisor of 70 and 160.
10
Calculate the highest common divisor of 38 and 1938.
38
What is the greatest common divisor of 621 and 594?
27
Calculate the greatest common divisor of 64 and 704.
64
What is the highest common divisor of 8 and 1900?
4
Calculate the greatest common divisor of 81 and 108.
27
What is the greatest common divisor of 238 and 2086?
14
What is the highest common divisor of 2 and 1?
1
Calculate the greatest common divisor of 59 and 531.
59
Calculate the highest common divisor of 24 and 84.
12
Calculate the greatest common factor of 268 and 67.
67
Calculate the highest common factor of 2480 and 80.
80
What is the highest common divisor of 2812 and 209?
19
What is the greatest common factor of 357 and 85?
17
Calculate the greatest common divisor of 65 and 5.
5
Calculate the highest common divisor of 348 and 12.
12
Calculate the greatest common divisor of 78 and 6981.
39
Calculate the greatest common divisor of 56 and 126.
14
What is the greatest common divisor of 776 and 56?
8
What is the highest common factor of 143 and 11?
11
Calculate the highest common divisor of 165 and 10.
5
Calculate the greatest common divisor of 666 and 198.
18
Calculate the highest common factor of 308 and 3465.
77
What is the greatest common factor of 48 and 816?
48
Calculate the high